{"id":350,"date":"2021-09-01T17:00:00","date_gmt":"2021-09-01T17:00:00","guid":{"rendered":"https:\/\/educacen.es\/?post_type=product&#038;p=350"},"modified":"2025-11-20T16:07:53","modified_gmt":"2025-11-20T16:07:53","slug":"sesion-mensual-individual-de-psicologia","status":"publish","type":"product","link":"https:\/\/educacen.es\/inicio\/producto\/sesion-mensual-individual-de-psicologia\/","title":{"rendered":"Sesi\u00f3n mensual individual"},"content":{"rendered":"<p>Reserva y abona tu sesi\u00f3n mensual individual de psicolog\u00eda\u00a0 sin moverte de casa.<\/p>\n","protected":false},"excerpt":{"rendered":"<p><img loading=\"lazy\" decoding=\"async\" src=\"https:\/\/educacen.es\/wp-content\/uploads\/2022\/01\/20180318_045315A-300x225.jpg\" alt=\"\" width=\"300\" height=\"225\" class=\"alignnone size-medium wp-image-383\" srcset=\"https:\/\/educacen.es\/wp-content\/uploads\/2022\/01\/20180318_045315A-300x225.jpg 300w, https:\/\/educacen.es\/wp-content\/uploads\/2022\/01\/20180318_045315A-600x450.jpg 600w, https:\/\/educacen.es\/wp-content\/uploads\/2022\/01\/20180318_045315A-1024x768.jpg 1024w, https:\/\/educacen.es\/wp-content\/uploads\/2022\/01\/20180318_045315A-768x576.jpg 768w, https:\/\/educacen.es\/wp-content\/uploads\/2022\/01\/20180318_045315A-1536x1152.jpg 1536w, https:\/\/educacen.es\/wp-content\/uploads\/2022\/01\/20180318_045315A-2048x1536.jpg 2048w\" sizes=\"auto, (max-width: 300px) 100vw, 300px\" \/>Con este enlace puedes abonar desde cualquier sitio nuestras sesiones de trabajo.<\/p>\n","protected":false},"featured_media":482,"comment_status":"open","ping_status":"closed","template":"","meta":[],"product_brand":[],"product_cat":[17],"product_tag":[],"class_list":{"0":"post-350","1":"product","2":"type-product","3":"status-publish","4":"has-post-thumbnail","6":"product_cat-psicologia","8":"first","9":"instock","10":"virtual","11":"purchasable","12":"product-type-simple"},"yoast_head":"<!-- This site is optimized with the Yoast SEO plugin v27.0 - https:\/\/yoast.com\/product\/yoast-seo-wordpress\/ -->\n<title>Sesi\u00f3n mensual individual - Educa-Cen<\/title>\n<meta name=\"description\" content=\"Sesi\u00f3n mensual individual de psicolog\u00eda.\" \/>\n<meta name=\"robots\" content=\"index, follow, max-snippet:-1, max-image-preview:large, max-video-preview:-1\" \/>\n<link rel=\"canonical\" href=\"https:\/\/educacen.es\/inicio\/producto\/sesion-mensual-individual-de-psicologia\/\" \/>\n<meta property=\"og:locale\" content=\"es_ES\" \/>\n<meta property=\"og:type\" content=\"article\" \/>\n<meta property=\"og:title\" content=\"Sesi\u00f3n mensual individual - Educa-Cen\" \/>\n<meta property=\"og:description\" content=\"Sesi\u00f3n mensual individual de psicolog\u00eda.\" \/>\n<meta property=\"og:url\" content=\"https:\/\/educacen.es\/inicio\/producto\/sesion-mensual-individual-de-psicologia\/\" \/>\n<meta property=\"og:site_name\" content=\"Educa-Cen\" \/>\n<meta property=\"article:modified_time\" content=\"2025-11-20T16:07:53+00:00\" \/>\n<meta property=\"og:image\" content=\"https:\/\/educacen.es\/wp-content\/uploads\/2023\/09\/20180318_045132A-scaled.jpg\" \/>\n\t<meta property=\"og:image:width\" content=\"2560\" \/>\n\t<meta property=\"og:image:height\" content=\"1920\" \/>\n\t<meta property=\"og:image:type\" content=\"image\/jpeg\" \/>\n<meta name=\"twitter:card\" content=\"summary_large_image\" \/>\n<meta name=\"twitter:site\" content=\"@educacen\" \/>\n<meta name=\"twitter:label1\" content=\"Tiempo de lectura\" \/>\n\t<meta name=\"twitter:data1\" content=\"1 minuto\" \/>\n<script type=\"application\/ld+json\" class=\"yoast-schema-graph\">{\"@context\":\"https:\/\/schema.org\",\"@graph\":[{\"@type\":\"WebPage\",\"@id\":\"https:\/\/educacen.es\/inicio\/producto\/sesion-mensual-individual-de-psicologia\/\",\"url\":\"https:\/\/educacen.es\/inicio\/producto\/sesion-mensual-individual-de-psicologia\/\",\"name\":\"Sesi\u00f3n mensual individual - Educa-Cen\",\"isPartOf\":{\"@id\":\"https:\/\/educacen.es\/inicio\/#website\"},\"primaryImageOfPage\":{\"@id\":\"https:\/\/educacen.es\/inicio\/producto\/sesion-mensual-individual-de-psicologia\/#primaryimage\"},\"image\":{\"@id\":\"https:\/\/educacen.es\/inicio\/producto\/sesion-mensual-individual-de-psicologia\/#primaryimage\"},\"thumbnailUrl\":\"https:\/\/educacen.es\/wp-content\/uploads\/2023\/09\/20180318_045132A-scaled.jpg\",\"datePublished\":\"2021-09-01T17:00:00+00:00\",\"dateModified\":\"2025-11-20T16:07:53+00:00\",\"description\":\"Sesi\u00f3n mensual individual de psicolog\u00eda.\",\"breadcrumb\":{\"@id\":\"https:\/\/educacen.es\/inicio\/producto\/sesion-mensual-individual-de-psicologia\/#breadcrumb\"},\"inLanguage\":\"es\",\"potentialAction\":[{\"@type\":\"ReadAction\",\"target\":[\"https:\/\/educacen.es\/inicio\/producto\/sesion-mensual-individual-de-psicologia\/\"]}]},{\"@type\":\"ImageObject\",\"inLanguage\":\"es\",\"@id\":\"https:\/\/educacen.es\/inicio\/producto\/sesion-mensual-individual-de-psicologia\/#primaryimage\",\"url\":\"https:\/\/educacen.es\/wp-content\/uploads\/2023\/09\/20180318_045132A-scaled.jpg\",\"contentUrl\":\"https:\/\/educacen.es\/wp-content\/uploads\/2023\/09\/20180318_045132A-scaled.jpg\",\"width\":2560,\"height\":1920},{\"@type\":\"BreadcrumbList\",\"@id\":\"https:\/\/educacen.es\/inicio\/producto\/sesion-mensual-individual-de-psicologia\/#breadcrumb\",\"itemListElement\":[{\"@type\":\"ListItem\",\"position\":1,\"name\":\"Portada\",\"item\":\"https:\/\/educacen.es\/inicio\/\"},{\"@type\":\"ListItem\",\"position\":2,\"name\":\"Tienda\",\"item\":\"https:\/\/educacen.es\/inicio\/tienda\/\"},{\"@type\":\"ListItem\",\"position\":3,\"name\":\"Sesi\u00f3n mensual individual\"}]},{\"@type\":\"WebSite\",\"@id\":\"https:\/\/educacen.es\/inicio\/#website\",\"url\":\"https:\/\/educacen.es\/inicio\/\",\"name\":\"Educa-Cen\",\"description\":\"Gabinete de Educaci\u00f3n Especial\",\"publisher\":{\"@id\":\"https:\/\/educacen.es\/inicio\/#organization\"},\"potentialAction\":[{\"@type\":\"SearchAction\",\"target\":{\"@type\":\"EntryPoint\",\"urlTemplate\":\"https:\/\/educacen.es\/inicio\/?s={search_term_string}\"},\"query-input\":{\"@type\":\"PropertyValueSpecification\",\"valueRequired\":true,\"valueName\":\"search_term_string\"}}],\"inLanguage\":\"es\"},{\"@type\":\"Organization\",\"@id\":\"https:\/\/educacen.es\/inicio\/#organization\",\"name\":\"Educa-Cen-Gabinete de psicolog\u00eda, logopedia y psicopedagog\u00eda.\",\"url\":\"https:\/\/educacen.es\/inicio\/\",\"logo\":{\"@type\":\"ImageObject\",\"inLanguage\":\"es\",\"@id\":\"https:\/\/educacen.es\/inicio\/#\/schema\/logo\/image\/\",\"url\":\"https:\/\/educacen.es\/wp-content\/uploads\/2019\/06\/logo-educa-cen-scaled.jpg\",\"contentUrl\":\"https:\/\/educacen.es\/wp-content\/uploads\/2019\/06\/logo-educa-cen-scaled.jpg\",\"width\":2560,\"height\":1316,\"caption\":\"Educa-Cen-Gabinete de psicolog\u00eda, logopedia y psicopedagog\u00eda.\"},\"image\":{\"@id\":\"https:\/\/educacen.es\/inicio\/#\/schema\/logo\/image\/\"},\"sameAs\":[\"https:\/\/x.com\/educacen\"]}]}<\/script>\n<!-- \/ Yoast SEO plugin. -->","yoast_head_json":{"title":"Sesi\u00f3n mensual individual - Educa-Cen","description":"Sesi\u00f3n mensual individual de psicolog\u00eda.","robots":{"index":"index","follow":"follow","max-snippet":"max-snippet:-1","max-image-preview":"max-image-preview:large","max-video-preview":"max-video-preview:-1"},"canonical":"https:\/\/educacen.es\/inicio\/producto\/sesion-mensual-individual-de-psicologia\/","og_locale":"es_ES","og_type":"article","og_title":"Sesi\u00f3n mensual individual - Educa-Cen","og_description":"Sesi\u00f3n mensual individual de psicolog\u00eda.","og_url":"https:\/\/educacen.es\/inicio\/producto\/sesion-mensual-individual-de-psicologia\/","og_site_name":"Educa-Cen","article_modified_time":"2025-11-20T16:07:53+00:00","og_image":[{"width":2560,"height":1920,"url":"https:\/\/educacen.es\/wp-content\/uploads\/2023\/09\/20180318_045132A-scaled.jpg","type":"image\/jpeg"}],"twitter_card":"summary_large_image","twitter_site":"@educacen","twitter_misc":{"Tiempo de lectura":"1 minuto"},"schema":{"@context":"https:\/\/schema.org","@graph":[{"@type":"WebPage","@id":"https:\/\/educacen.es\/inicio\/producto\/sesion-mensual-individual-de-psicologia\/","url":"https:\/\/educacen.es\/inicio\/producto\/sesion-mensual-individual-de-psicologia\/","name":"Sesi\u00f3n mensual individual - Educa-Cen","isPartOf":{"@id":"https:\/\/educacen.es\/inicio\/#website"},"primaryImageOfPage":{"@id":"https:\/\/educacen.es\/inicio\/producto\/sesion-mensual-individual-de-psicologia\/#primaryimage"},"image":{"@id":"https:\/\/educacen.es\/inicio\/producto\/sesion-mensual-individual-de-psicologia\/#primaryimage"},"thumbnailUrl":"https:\/\/educacen.es\/wp-content\/uploads\/2023\/09\/20180318_045132A-scaled.jpg","datePublished":"2021-09-01T17:00:00+00:00","dateModified":"2025-11-20T16:07:53+00:00","description":"Sesi\u00f3n mensual individual de psicolog\u00eda.","breadcrumb":{"@id":"https:\/\/educacen.es\/inicio\/producto\/sesion-mensual-individual-de-psicologia\/#breadcrumb"},"inLanguage":"es","potentialAction":[{"@type":"ReadAction","target":["https:\/\/educacen.es\/inicio\/producto\/sesion-mensual-individual-de-psicologia\/"]}]},{"@type":"ImageObject","inLanguage":"es","@id":"https:\/\/educacen.es\/inicio\/producto\/sesion-mensual-individual-de-psicologia\/#primaryimage","url":"https:\/\/educacen.es\/wp-content\/uploads\/2023\/09\/20180318_045132A-scaled.jpg","contentUrl":"https:\/\/educacen.es\/wp-content\/uploads\/2023\/09\/20180318_045132A-scaled.jpg","width":2560,"height":1920},{"@type":"BreadcrumbList","@id":"https:\/\/educacen.es\/inicio\/producto\/sesion-mensual-individual-de-psicologia\/#breadcrumb","itemListElement":[{"@type":"ListItem","position":1,"name":"Portada","item":"https:\/\/educacen.es\/inicio\/"},{"@type":"ListItem","position":2,"name":"Tienda","item":"https:\/\/educacen.es\/inicio\/tienda\/"},{"@type":"ListItem","position":3,"name":"Sesi\u00f3n mensual individual"}]},{"@type":"WebSite","@id":"https:\/\/educacen.es\/inicio\/#website","url":"https:\/\/educacen.es\/inicio\/","name":"Educa-Cen","description":"Gabinete de Educaci\u00f3n Especial","publisher":{"@id":"https:\/\/educacen.es\/inicio\/#organization"},"potentialAction":[{"@type":"SearchAction","target":{"@type":"EntryPoint","urlTemplate":"https:\/\/educacen.es\/inicio\/?s={search_term_string}"},"query-input":{"@type":"PropertyValueSpecification","valueRequired":true,"valueName":"search_term_string"}}],"inLanguage":"es"},{"@type":"Organization","@id":"https:\/\/educacen.es\/inicio\/#organization","name":"Educa-Cen-Gabinete de psicolog\u00eda, logopedia y psicopedagog\u00eda.","url":"https:\/\/educacen.es\/inicio\/","logo":{"@type":"ImageObject","inLanguage":"es","@id":"https:\/\/educacen.es\/inicio\/#\/schema\/logo\/image\/","url":"https:\/\/educacen.es\/wp-content\/uploads\/2019\/06\/logo-educa-cen-scaled.jpg","contentUrl":"https:\/\/educacen.es\/wp-content\/uploads\/2019\/06\/logo-educa-cen-scaled.jpg","width":2560,"height":1316,"caption":"Educa-Cen-Gabinete de psicolog\u00eda, logopedia y psicopedagog\u00eda."},"image":{"@id":"https:\/\/educacen.es\/inicio\/#\/schema\/logo\/image\/"},"sameAs":["https:\/\/x.com\/educacen"]}]}},"_links":{"self":[{"href":"https:\/\/educacen.es\/inicio\/wp-json\/wp\/v2\/product\/350","targetHints":{"allow":["GET"]}}],"collection":[{"href":"https:\/\/educacen.es\/inicio\/wp-json\/wp\/v2\/product"}],"about":[{"href":"https:\/\/educacen.es\/inicio\/wp-json\/wp\/v2\/types\/product"}],"replies":[{"embeddable":true,"href":"https:\/\/educacen.es\/inicio\/wp-json\/wp\/v2\/comments?post=350"}],"wp:featuredmedia":[{"embeddable":true,"href":"https:\/\/educacen.es\/inicio\/wp-json\/wp\/v2\/media\/482"}],"wp:attachment":[{"href":"https:\/\/educacen.es\/inicio\/wp-json\/wp\/v2\/media?parent=350"}],"wp:term":[{"taxonomy":"product_brand","embeddable":true,"href":"https:\/\/educacen.es\/inicio\/wp-json\/wp\/v2\/product_brand?post=350"},{"taxonomy":"product_cat","embeddable":true,"href":"https:\/\/educacen.es\/inicio\/wp-json\/wp\/v2\/product_cat?post=350"},{"taxonomy":"product_tag","embeddable":true,"href":"https:\/\/educacen.es\/inicio\/wp-json\/wp\/v2\/product_tag?post=350"}],"curies":[{"name":"wp","href":"https:\/\/api.w.org\/{rel}","templated":true}]}}